it of 3/(-6) + (-15)/b?
7
Suppose 33 = 2*u + u - p, 5*u - 44 = -2*p. Suppose 5*l + 6*z = 3*z - u, 4*z = -2*l - 18. What is the units digit of 20/5*(l - -1)?
8
Suppose 0 = 4*t - 5*g - 10, -2*g + 3 = 4*t + 7. Suppose 11 = v - t*v. What is the units digit of v?
1
Suppose -5*m = -0*m - 5. What is the units digit of m?
1
Let w be 60/3 + (-6)/(-2). Suppose 3*c - 4*d = 28, -31 - w = -4*c + 2*d. What is the tens digit of c?
1
Let m(i) = -i + 83. Let s be m(0). Suppose 5*b + 25 = 0, -2*v + s = 2*v + b. What is the units digit of v?
2
Let s(o) = -o**3 + 4*o**2 + 6*o - 4. Let n be (3 - -1)/(1 + 1). Suppose 0 = n*h - 10. What is the units digit of s(h)?
1
Suppose 0*b + 5*b + 3*v = 16, 4*v = -b - 7. Suppose 0 = 5*r + 3*x + 16, 2*r + 5*x + 1 = 6. What is the units digit of r*(-1 + 4/b)?
1
Suppose -8*o + i + 47 = -3*o, o - 19 = -3*i. Let s(b) = b + 6. Let q be s(0). What is the tens digit of o + 2 - q/3?
1
Suppose 2*d - 6*d = -236. What is the tens digit of d?
5
Suppose 5*g + 19 = -11. Let i = g - -4. Let f = i - -5. What is the units digit of f?
3
Let s be 8/5 - 4/(-10). Let b(c) = 1 - 3*c**3 + 0 + c**3 + c**2 + s*c. What is the units digit of b(-1)?
2
Let s(h) = 49*h**2. Let b = 6 - 7. Let p be s(b). Suppose 0 = -4*z - 3*j + 23 + 7, 5*z = 2*j + p. What is the units digit of z?
9
Let h(f) = -2*f**3 + 24*f**2 + 7*f + 6. What is the units digit of h(12)?
0
Let t(y) = 7*y**2 + 5*y - 7. Let q(g) = 6*g**2 + 5*g - 6. Let b(v) = 6*q(v) - 5*t(v). Let l = 4 + -11. What is the tens digit of b(l)?
1
Let p(z) = z**3 - 7*z**2 - 6*z + 12. Let r be p(8). Suppose -2*o + r = 2*o. What is the units digit of o?
7
Let x(i) = -6*i**2 - i. Let k be x(1). Suppose -q = 4 - 0. What is the units digit of (-35)/q - k/28?
9
Let g(l) = l + 16. What is the units digit of g(-7)?
9
Let z(i) = i**2 + 18*i + 36. What is the units digit of z(-20)?
6
Suppose 325 = w - q, -2*q = -w + 76 + 246. What is the units digit of w?
8
Let t(m) = m**2 - 3*m - 1. Let d(v) = -v - 4. Let j be d(-5). Let l = 4 + j. What is the units digit of t(l)?
9
Suppose 7*r - 104 = 3*r. What is the tens digit of r?
2
Let p(x) = -x**2 + 10*x. Let m be p(6). Suppose m = d - 7. What is the units digit of d?
1
Suppose 20*r = 15*r + 20. What is the units digit of (6/r)/((-30)/(-320))?
6
Let x(h) = h**2 - 13*h + 3. Let g be x(13). What is the units digit of (1 + -9)*(-12)/g?
2
Let a = 9 - 15. Let l be (21/a - -2)*16. What is the units digit of 15/l*2*-4?
5
Let r = 168 + -111. What is the tens digit of r?
5
Suppose 0 = 18*y + 2*y - 7300. What is the units digit of y?
5
Let g(k) = 2*k**2 + 8*k + 7. Let x be g(-7). Suppose 5*c - x = 21. What is the tens digit of c?
1
Suppose -34 = 5*x - 9. Let s(h) = -2 - 2*h + h - 1. What is the units digit of s(x)?
2
Let x(k) = -k**3 - 5*k**2 + 7*k + 7. Let j be x(-6). What is the units digit of 4*((3 - j) + 8)?
0
Suppose -5*o + 5*r = -135, -5*o - 4*r + 9 = -171. Suppose -2*m = -2*j + 18, -3*j + 15 + o = m. What is the units digit of j?
4
Let o = 21 + -19. What is the units digit of o?
2
Let y = -17 + 12. Let z = 11 + y. What is the units digit of z?
6
Let d(j) = 2*j**2 - 3*j + 4. Let s be d(3). Let o = -8 + s. What is the units digit of o?
5
Let k be (-2)/9 + 58/18. Let d = 15 - k. What is the tens digit of d?
1
Let w = 179 - 108. What is the units digit of w?
1
What is the units digit of 160/26 + 2/(-13)?
6
Let a(n) = 6*n + 1. Let v be a(-1). Let f = v + 9. Suppose f*o - 51 - 5 = 0. What is the units digit of o?
4
Suppose -39 = -3*y + 81. What is the tens digit of y?
4
Suppose 21 = 4*a - 3*a + 3*u, -34 = -4*a - 2*u. What is the units digit of a?
6
What is the tens digit of ((-1672)/(-12))/(6/27*3)?
0
Let a be 7 + 0*(-2)/(-2). Suppose 0 = 4*l - 23 + a. What is the units digit of l?
4
Suppose i + 4 - 34 = -5*z, -88 = -2*i + 4*z. What is the tens digit of i?
4
Let q = 8 - 7. Suppose 0 = -2*m - 3*j + 7, -j - q = m + 2*j. What is the units digit of m?
8
Suppose 5*l + 265 = 10*l. What is the tens digit of l?
5
Let u(l) = l**2 - 3*l - 3. Let r be u(-4). Suppose -4*m - 4 = 0, -2*q + 3*q = -m - 1. Suppose q = 5*f - 0*f - r. What is the units digit of f?
5
Let m be 12/20 + (-3)/5. What is the units digit of m/(3/(-3)) - -21?
1
Let t(p) = p**3 + p**2 + 8. Let r be t(0). Let x(g) = 20*g + 6. Let w(v) = -7*v - 2. Let q(c) = 17*w(c) + 6*x(c). What is the tens digit of q(r)?
1
Suppose 3*k - 2*k = 76. Suppose 34 = 5*o - k. What is the units digit of o?
2
Let x = 4 + -2. Suppose x*j + 0*j = 0. What is the units digit of j + -2 + 0 + 6?
4
Let d(c) = -c**2 + 9*c - 3. Let g be d(9). Let z = g - -14. What is the tens digit of z?
1
Let x(w) = -2*w + 10. Let v(q) = -q**3 - 5*q**2 + q. Let r be v(-5). What is the units digit of x(r)?
0
Let d(j) = -4*j**3 + 7*j**2 - 7*j + 5. Let z(h) = 11*h**3 - 21*h**2 + 21*h - 14. Let g(s) = -8*d(s) - 3*z(s). What is the tens digit of g(5)?
1
Let p be (-1 - 2)/((-27)/36). Suppose p*g = -g + 110. What is the tens digit of g?
2
Suppose 4*b - 44 = -5*x + x, -27 = -5*x + 2*b. Let q(g) = 5 - g**2 - 4*g**2 - x*g + g + g**3. What is the units digit of q(6)?
5
Let c(w) = -4*w**2 - 1 + 3*w**2 - w**3 - w**2. Let o = -1 + -2. What is the units digit of c(o)?
8
Let u(q) = 32*q + 3. What is the units digit of u(4)?
1
Suppose -3*r + 8*r = 4*q - 1191, 3*q - 917 = -r. What is the tens digit of (-12)/(-60) + q/5?
6
Let c(m) = 55*m**2 + m - 1. What is the tens digit of c(1)?
5
Let x = -2 - -4. Let l be 45/25 - x/(-10). What is the units digit of (-3 - 2)/(l/(-4))?
0
Let k be (258/215)/(-1 + (-18)/(-20)). Let a(o) = 5*o - 6. Let d be a(6). Let l = k + d. What is the tens digit of l?
1
Suppose 544*a - 50 = 543*a. What is the units digit of a?
0
Let h = -9 - -14. Let x = 7 - h. What is the units digit of x?
2
Let k be 2/(-3) - (-10)/6. Suppose j + j + q = k, -j - q = 1. Suppose j*u - 12 = -0. What is the units digit of u?
6
Let i(c) be the second derivative of 1/6*c**3 - 4*c - 1/6*c**4 + 0*c**2 + 0 + 11/20*c**5. What is the tens digit of i(1)?
1
Suppose -y + 0*y = 2. Let g = 1 - y. Suppose 52 = g*a - 0*a + 2*q, 5 = -5*q. What is the tens digit of a?
1
Let c = -1 + 4. Let r(k) = 1 + 7*k**c - 2*k**2 + 2*k**2 - k. What is the units digit of r(1)?
7
Suppose -111 = 6*a - 9*a. What is the units digit of a?
7
Let d(c) = 3*c - 4. Let y(j) = j - 1. Let k(o) = -d(o) + 5*y(o). Suppose r = 2 - 1. What is the units digit of k(r)?
1
Let w(z) be the third derivative of z**4/24 + 3*z**3/2 + 5*z**2. What is the units digit of w(-7)?
2
Let j(y) = -y + 14. Let s be j(6). Let d be 29/9 + s/(-36). Suppose 18 = d*f - 12. What is the units digit of f?
0
What is the units digit of ((-4)/6)/(6/(-459))?
1
Let r = 300 - 159. What is the units digit of r?
1
Suppose -5 = s, -3*w - 3*s = 2*s - 737. Suppose -3*j = w - 86. What is the tens digit of (-2)/(j/26 + 2)?
1
Let v be (0/(-1) - -1)*41. Let g = -18 + v. What is the tens digit of g?
2
Suppose 4*h - 11 = 17. Let z(g) = 3*g + 2. Let r(l) = l. Let k(x) = 4*r(x) - z(x). What is the units digit of k(h)?
5
Suppose o - i + 5*i - 6 = 0, 0 = -2*i + 2. What is the units digit of o?
2
Suppose u = 3*d - 221, 0 = -2*d - 2*u - 22 + 156. Suppose 5*x - 8*x = -d. What is the units digit of x?
4
Let q be (-2)/4 - 105/(-10). Let g(j) = j**2 - 8*j - 9. Let m be g(q). Suppose -3*h - 2 = -m. What is the units digit of h?
3
Suppose 24 = 5*o + 7*o. What is the units digit of o?
2
Let q(p) = -p - 7. Let d be q(-5). Let c = 11 + d. Suppose 4*u - 7*u = -3*r - c, 2*r + 9 = 3*u. What is the units digit of u?
3
Let k be ((-102)/(-24))/(2/8). Let u = -6 + k. Suppose -5*y + 46 = u. What is the units digit of y?
7
Let b = -8 + 8. Suppose u - l = -b*l + 10, u + 3*l + 6 = 0. Let v = u + 11. What is the tens digit of v?
1
Let v(a) = -2*a + 2. Let f be v(-2). Let j(p) = -p**2 + 9*p - 8. What is the tens digit of j(f)?
1
Suppose 6 = 3*s - 0*s. Suppose 2*j = -3*n + 8, 2*j = -s*j + n + 16. Suppose j*k + k - 58 = -i, 0 = 5*k - i - 52. What is the tens digit of k?
1
Suppose -7*d + 20 = -3*d - q, -d = q - 5. What is the units digit of d?
5
Let o(w) = 10*w**2 + w + 6. What is the tens digit of o(-2)?
4
Suppose 5*s = 0, 9*j + 3200 = 4*j - 2*s. Let l be 2/6 + j/(-15). Let o = l + -29. What is the tens digit of o?
1
Let m be (-16)/(-24) + 10/3. Suppose -m*v = -15 - 1. Suppose 0 = 4*x - b - 24 - 9, 23 = v*x + b. What is